Let g be -5*(-9*3 - -2). What is the greatest common factor of 25 and g?
25
Suppose 0 = 5*z - 54 + 19. Suppose 27 - z = 2*v. What is the greatest common factor of v and 15?
5
Let l(m) = m**2 - 3*m**2 + 5 - 6*m + 3*m**2. Let k be l(5). Suppose k = -5*p + 23 - 3. What is the highest common factor of p and 32?
4
Suppose -4 = 5*t - 6*t. Calculate the greatest common factor of t and 10.
2
Let t(g) be the second derivative of 0*g**2 - 5/6*g**3 - g + 0. Let k be t(-5). Calculate the greatest common divisor of 10 and k.
5
Let x = 55 - 38. Let p be (1 - -8) + 4 + 4. What is the highest common divisor of x and p?
17
Let n = 8 - 0. Suppose -5*p - o = -316, 0 = 4*o + 13 + 3. What is the highest common factor of p and n?
8
Let y(x) = -x**3 + 5*x**2 + 2. Let h be y(3). Let k be ((-80)/24)/(1/(-15)). What is the highest common divisor of k and h?
10
Suppose -5*y + 16 = -4*u, -3*u + 4 = -3*y + 13. Calculate the greatest common factor of y and 28.
4
Suppose u = -5*z + 65, 0 = 4*u - 9*u. What is the greatest common divisor of z and 39?
13
Suppose -l + 3 = 2*v - 2*l, 5*v + l = 25. Suppose v*n + 7 - 19 = 0. Suppose 0 = j - 6*j + 15. Calculate the greatest common factor of j and n.
3
Let d = 530 + -306. Let s = 148 - d. Let c = s + 131. What is the greatest common divisor of c and 22?
11
Suppose 198 = 5*k - 2. Calculate the highest common factor of k and 100.
20
Let m be (-15)/9 - (-1)/(-3). Let y(i) = i - 5. Let z(h) = 1. Let w(d) = m*z(d) - y(d). Let s be w(-3). What is the highest common factor of 6 and s?
6
Let m = 13 + 11. Let n be (17*-1 + -1)*-4. What is the highest common divisor of m and n?
24
Let i(m) = 39*m - 3. Let g be i(2). Calculate the greatest common factor of g and 30.
15
Let v(l) = 7*l - 22. Let x be v(7). Calculate the greatest common factor of x and 36.
9
Suppose 3*c = -3*b + 336, 87 + 253 = 3*c + 5*b. What is the greatest common factor of c and 22?
22
Let q(s) = 22*s**2 + 19*s**2 - 13*s**2 - s + 1. Let m(h) = h + 8. Let t be m(-7). Let n be q(t). Calculate the highest common divisor of 14 and n.
14
Suppose -4*a - 4*z = -20, 14 = a - 3*z + 1. Let f(y) = -80*y**3 + y**2 - 1. Let g be f(-1). Let h = g - 24. Calculate the highest common factor of a and h.
7
Suppose -13*i - 36 = -16*i. What is the highest common factor of i and 96?
12
Let h = 9 - -25. Let y = -17 + 34. Calculate the highest common factor of y and h.
17
Suppose h + 4 = -3*l - 5, 5*l = 4*h - 32. Let m = 2 + 7. What is the greatest common factor of h and m?
3
Let z(h) = 15*h**2 - 3*h - 3. Let o be z(-2). Let l = 45 - o. Let q = 58 + l. Calculate the greatest common factor of 8 and q.
8
Suppose 0 = 5*d + 3*u - 12, 7 = -5*d + u + 23. Calculate the highest common divisor of 24 and d.
3
Let q be (-2 - (1 + -2)) + 2900/20. Calculate the highest common divisor of q and 18.
18
Let y(q) = -q + 17. Let r be y(14). Calculate the greatest common divisor of r and 27.
3
Let w = -1 + 1. Suppose h + 2 + 2 = d, 3*d + h = w. Let k be ((0 - -1) + d)*4. Calculate the highest common divisor of 56 and k.
8
Suppose -c + 52 = 4*k, 0*c - 34 = -3*k - 2*c. Let w(z) = -z**3 - 11*z**2 - 23*z - 3. Let h be w(-9). What is the greatest common divisor of k and h?
14
Let a = -5 - -9. Suppose 4*d - a*b = 132, -b + 4 + 103 = 3*d. What is the highest common divisor of 5 and d?
5
Suppose 8 = n - 20. Calculate the highest common divisor of n and 21.
7
Suppose 2*t + 3*h = -3*t + 121, -2*h - 65 = -3*t. Calculate the greatest common factor of 46 and t.
23
Suppose 7*f = 6*f. Suppose -4*p - 9 + 373 = f. Let w = -7 + 20. Calculate the highest common factor of w and p.
13
Suppose 39*q = 36*q + 126. Let d(z) = z + 2. Let s be d(4). What is the highest common factor of s and q?
6
Let j = 175 - 28. Suppose 2*y = 4*v + 50, 6*y - 107 = y + v. Calculate the greatest common divisor of y and j.
21
Let f be 260*(1 - 12/20). What is the greatest common factor of f and 26?
26
Let o(c) = 2*c**2 - 5*c + 2. Let l be o(4). Suppose 0 = -5*r - 4*u + 134 - l, -3*r + 72 = -4*u. What is the greatest common divisor of r and 192?
24
Let t be (4/(-8))/(2/116). Let h = t - -107. Calculate the greatest common factor of 13 and h.
13
Let u(y) = -y**2 + 5*y - 2. Let s be u(4). Let b = 17 + -16. Calculate the greatest common divisor of s and b.
1
Let u be 4/(-14) - (-6555)/35. Suppose 11 = 3*g - u. What is the highest common factor of g and 6?
6
Let b be (5/(-10))/(2/8). Let k = b - 3. Let d = -2 - k. Calculate the greatest common divisor of 3 and d.
3
Let v be (-34)/(-6) + (-3)/(-9). Let h be 154/v + (-2)/3. Calculate the greatest common factor of h and 75.
25
Let h be -4 + 2 - -1*4. Let a = -1 + h. Let y(b) = 81*b**2 - b + 1. Let z be y(a). What is the highest common factor of z and 9?
9
Let c be (57/(-38))/((-2)/28). What is the highest common factor of 63 and c?
21
Suppose -4*l + 2*p + 164 = 0, -2*p = 5*l - 4*p - 205. What is the greatest common divisor of 164 and l?
41
Suppose 5*g = 3*g + 2. Calculate the highest common factor of g and 5.
1
Let f(h) = -h**3 - 6*h**2 + 9*h + 13. Let a be f(-7). Suppose -6 = 3*y - y. Let p be a/(y/36) - 3. What is the greatest common factor of 63 and p?
9
Suppose -3*f = 3*f - 156. Calculate the greatest common factor of 234 and f.
26
Let n = 0 + 4. Let x(i) = -i**3 + 3*i**2 + 7*i - 6. Let r be x(n). Let z = 21 - 6. What is the highest common divisor of r and z?
3
Let k(x) = -8 - 2*x**3 + x**3 - 8*x - 4*x**2 - 2*x**2. Let b be k(-6). Suppose -4*r - r + b = 0. What is the greatest common divisor of 16 and r?
8
Let c = 92 - 36. Calculate the highest common factor of 616 and c.
56
Let k(g) = 1 + 32*g - 2 + 2. Let o be k(1). Suppose -4*u + 40 = -2*l, u - 20 + 5 = -2*l. Calculate the greatest common divisor of u and o.
11
Let h be (-6)/(-4)*(-28)/(-42). Let y be 8*h/((-6)/(-33)). Calculate the highest common factor of 66 and y.
22
Let x(y) = -3*y**2 - 4 + 4*y**3 - 3*y**3 + 0*y**3 - 8*y. Let g be x(6). Calculate the highest common factor of g and 8.
8
Let s(b) = b**3 - 3*b**2 + b + 0 - b**2 + 0 + 1. Let n be s(4). Calculate the greatest common factor of n and 20.
5
Suppose -3*i - 7 = 2*r + 1, -r + 18 = -4*i. Let h be (-216)/(-28) - r/(-7). Calculate the greatest common divisor of h and 8.
8
Let j(a) = -a**3 + 8*a**2 - a + 10. Let t be j(8). Suppose -3*b - t*b + 7 = n, 120 = 4*n - 3*b. What is the highest common divisor of n and 18?
9
Suppose -4*l - 3*c = -28, l - 5*c + 16 = -0*c. Suppose 320 = -3*v + 4*v. Suppose 0*i - v = -l*i. What is the highest common divisor of 10 and i?
10
Let c(z) = 0*z + 12*z**2 - 4*z + 4*z. Let s be c(2). Calculate the greatest common divisor of 6 and s.
6
Suppose 4*v - 522 = -18. Let k = 62 - 38. Let r be 438/k + 1/(-4). What is the highest common factor of v and r?
18
Suppose 2*v = 8*v - 30. Calculate the greatest common divisor of v and 45.
5
Suppose 0 = 4*s - 0*s - 16. Suppose -s*i - i = -270. Calculate the greatest common factor of 9 and i.
9
Let v(q) = -q**3 - 5*q**2 + q - 5. Let i be v(-6). Calculate the greatest common factor of i and 50.
25
Suppose -5*f - 14 = r, -7 = -4*f + 3*r - 3. Let m = -1 - f. Calculate the highest common factor of m and 4.
1
Suppose 2*x + 315 = 5*x. Let q = -10 - -14. Suppose 3*z - q*d = 29, 0*d - 4 = -d. What is the highest common factor of x and z?
15
Let c = 2 + 22. Let w = -1 - -1. Let v be 7 - 5 - (-1 - w). Calculate the highest common divisor of c and v.
3
Suppose 2*n = -2*n - 12. Let t be (n - -2) + 16 + 3. Suppose -2*r = -t - 12. What is the greatest common divisor of 150 and r?
15
Suppose -4*z = -11 + 27. Let b be 6/4*(-28)/(-6). Let p = b + z. What is the highest common divisor of 18 and p?
3
Let w(n) = -n**3 - 10*n**2 + 11*n + 10. Let p be w(-11). Calculate the highest common divisor of 4 and p.
2
Suppose -4*h + 21 = -h. Let y = -41 - -90. Calculate the greatest common factor of y and h.
7
Let g = -2 - -17. Let j be (-2)/3 - 32/(-3). Suppose 0*p = -p + j. Calculate the highest common factor of g and p.
5
Suppose 6*v = 3*v + 63. Let a = -5 + v. What is the greatest common divisor of a and 112?
16
Let w(r) = -4*r. Let g = -13 + 7. Let i be w(g). Calculate the greatest common factor of 8 and i.
8
Let r = 6 - -46. What is the greatest common divisor of 13 and r?
13
Let h(o) = -o**2 - 10*o - 4. Suppose 5*z - 30 = -10. Suppose -6 = z*g + 18. Let b be h(g). Ca